ors of 31157352.
2, 3, 144247
What are the prime factors of 4126602956?
2, 7, 587, 251071
What are the prime factors of 196260695?
5, 409, 95971
List the prime factors of 44712201.
3, 14904067
List the prime factors of 51347089.
17, 53, 56989
What are the prime factors of 44484388?
2, 13, 787, 1087
What are the prime factors of 87763149?
3, 37, 59, 1489
What are the prime factors of 21096911?
11, 23, 61, 1367
What are the prime factors of 46351822?
2, 11, 2106901
List the prime factors of 1690097411.
32321, 52291
What are the prime factors of 359236747?
23, 61, 256049
List the prime factors of 6364820.
2, 5, 7, 11, 4133
List the prime factors of 51089549.
7, 7298507
What are the prime factors of 557195919?
3, 7, 19, 67, 1097
What are the prime factors of 97985415?
3, 5, 11, 593851
List the prime factors of 2805670499.
47, 5393, 11069
List the prime factors of 13298562.
2, 3, 67, 11027
List the prime factors of 112153693.
79, 167, 8501
What are the prime factors of 2119417712?
2, 43, 3080549
What are the prime factors of 96054048?
2, 3, 197, 1693
List the prime factors of 1587357816.
2, 3, 11, 6012719
List the prime factors of 780171772.
2, 281, 541, 1283
What are the prime factors of 438572715?
3, 5, 7, 17, 277, 887
List the prime factors of 64357858.
2, 89, 361561
List the prime factors of 15589394.
2, 467, 16691
List the prime factors of 125785232.
2, 7861577
What are the prime factors of 210153683?
139, 1511897
What are the prime factors of 1610882?
2, 7, 13, 53, 167
What are the prime factors of 216155079?
3, 7, 103, 33311
What are the prime factors of 47457404?
2, 17, 31, 47, 479
What are the prime factors of 18798165?
3, 5, 417737
List the prime factors of 65832749.
6691, 9839
List the prime factors of 42880818.
2, 3, 109, 173, 379
List the prime factors of 230469473.
13, 17728421
List the prime factors of 7940019.
3, 41, 64553
List the prime factors of 41105828.
2, 821, 12517
List the prime factors of 15158442.
2, 3, 13, 31, 6269
List the prime factors of 3961809990.
2, 3, 5, 44020111
List the prime factors of 248373207.
3, 27597023
What are the prime factors of 6370812574?
2, 7, 83, 5482627
List the prime factors of 51409814.
2, 3011, 8537
List the prime factors of 59180536.
2, 17, 435151
What are the prime factors of 41046283?
23, 37, 139, 347
What are the prime factors of 143628162?
2, 3, 79, 303013
List the prime factors of 205240871.
11, 18658261
What are the prime factors of 96009856?
2, 750077
List the prime factors of 190118337.
3, 47, 1348357
What are the prime factors of 2058914580?
2, 3, 5, 37, 927439
What are the prime factors of 4945665838?
2, 19, 977, 133213
What are the prime factors of 99080235?
3, 5, 619, 3557
What are the prime factors of 6731944818?
2, 3, 17, 65999459
What are the prime factors of 52902286?
2, 26451143
What are the prime factors of 4363204526?
2, 1373, 1588931
What are the prime factors of 144674573?
17, 89, 95621
List the prime factors of 1567862294.
2, 151, 5191597
List the prime factors of 4254970668.
2, 3, 13, 157, 173729
What are the prime factors of 176298378?
2, 3, 19, 1546477
What are the prime factors of 1981586426?
2, 1427, 694319
What are the prime factors of 358369049?
23, 15581263
What are the prime factors of 59550165?
3, 5, 1323337
What are the prime factors of 41000168?
2, 11, 23, 47, 431
What are the prime factors of 346368659?
7, 13, 17, 181, 1237
What are the prime factors of 27693258?
2, 3, 1877, 2459
List the prime factors of 33262793.
47, 113, 6263
List the prime factors of 310751765.
5, 62150353
What are the prime factors of 15429319?
17, 617, 1471
List the prime factors of 61453885.
5, 19, 646883
List the prime factors of 1835011664.
2, 601, 190829
What are the prime factors of 4153431602?
2, 17, 53, 2304901
What are the prime factors of 316546039?
316546039
What are the prime factors of 2487622153?
2053, 1211701
What are the prime factors of 834254335?
5, 166850867
What are the prime factors of 131840530?
2, 5, 1427, 9239
What are the prime factors of 45922201?
13, 271729
What are the prime factors of 160056829?
29, 151, 36551
What are the prime factors of 450370948?
2, 83, 1356539
List the prime factors of 204879511.
181, 853, 1327
List the prime factors of 67563640.
2, 5, 281, 6011
List the prime factors of 95541355.
5, 7, 13, 59, 3559
List the prime factors of 1035587879.
12097, 85607
What are the prime factors of 2127374999?
191, 1021, 10909
List the prime factors of 69068849.
239, 288991
What are the prime factors of 192931912?
2, 17, 23, 37, 1667
What are the prime factors of 344793723?
3, 41, 2803201
What are the prime factors of 1470771150?
2, 3, 5, 17, 73, 7901
List the prime factors of 37835883.
3, 449, 3121
List the prime factors of 61947615.
3, 5, 4129841
What are the prime factors of 1356134570?
2, 5, 7, 2467, 7853
What are the prime factors of 1549295984?
2, 96830999
List the prime factors of 190273128.
2, 3, 41, 193367
List the prime factors of 131275460.
2, 5, 29, 226337
List the prime factors of 1543554306.
2, 3, 7, 41, 33199
List the prime factors of 240052331.
240052331
What are the prime factors of 2446413251?
10859, 225289
What are the prime factors of 2056610958?
2, 3, 19, 18040447
What are the prime factors of 16257053?
43, 378071
List the prime factors of 1109831397.
3, 23, 941, 17093
What are the prime factors of 53253418?
2, 17, 23, 68099
What are the prime factors of 426864908?
2, 1871, 57037
What are the prime factors of 1022076489?
3, 7, 48670309
List the prime factors of 130260014.
2, 109, 597523
List the prime factors of 29882425.
5, 107, 11171
What are the prime factors of 898059415?
5, 11, 19, 317, 2711
What are the prime factors of 883775816?
2, 7, 11, 787, 1823
What are the prime factors of 43972773?
3, 13, 1127507
List the prime factors of 1187151437.
251, 4729687
What are the prime factors of 2823649451?
7, 19, 3032921
What are the prime factors of 7420832079?
3, 23, 107548291
List the prime factors of 236880275.
5, 761, 12451
List the prime factors of 15342946.
2, 7671473
List the prime factors of 9132074.
2, 7, 652291
What are the prime factors of 120372514?
2, 60186257
What are the prime factors of 795318150?
2, 3, 5, 11, 19, 23, 1103
List the prime factors of 505597810.
2, 5, 50559781
List the prime factors of 219791033.
7, 11, 571, 4999
List the prime factors of 5085439829.
67, 929, 81703
List the prime factors of 8031057090.
2, 3, 5, 7, 127, 301127
What are the prime factors of 1397037666?
2, 3, 232839611
List the prime factors of 37857448.
2, 23, 31, 6637
What are the prime factors of 326244604?
2, 7, 23, 506591
What are the prime factors of 98212098?
2, 3, 709, 23087
What are the prime factors of 2782232319?
3, 927410773
List the prime factors of 2303645824.
2, 17997233
List the prime factors of 10931023.
19, 575317
List the prime factors of 59182521.
3, 19727507
List the prime factors of 143827474.
2, 7, 107, 96013
List the prime factors of 366995569.
809, 453641
What are the prime factors of 1753193292?
2, 3, 41, 3563401
List the prime factors of 476838182.
2, 238419091
List the prime factors of 4297548574.
2, 11, 23, 8493179
What are the prime factors of 19720957?
29, 101, 6733
List the prime factors of 56067543.
3, 7, 37, 67, 359
What are the prime factors of 4794606966?
2, 3, 67, 11926883
List the prime factors of 1324917986.
2, 7, 94636999
List the prime factors of 127610790.
2, 3, 5, 4253693
List the prime factors of 48220005.
3, 5, 19, 71, 2383
What are the prime factors of 158249444?
2, 37, 67, 15959
What are the prime factors of 1149744960?
2, 3, 5, 7, 13, 41, 107
List the prime factors of 35575746.
2, 3, 5929291
What are the prime factors of 126939993?
3, 42313331
What are the prime factors of 626734710?
2, 3, 5, 7, 994817
What are the prime factors of 158817632?
2, 73, 67987
What are the prime factors of 14012481?
3, 7, 19, 29, 173
What are the prime factors of 251820984?
2, 3, 19, 552239
List the prime factors of 255369685.
5, 547, 93371
What are the prime factors of 586814590?
2, 5, 59, 433, 2297
List the prime factors of 331832203.
71, 4673693
What are the prime factors of 98630602?
2, 7, 1327, 5309
List the prime factors of 70868724.
2, 3, 5905727
List the prime factors of 427959832.
2, 53494979
What are the pri